ppose a - h = 4*c, 5*c + 26 = -0*a + 4*a. What is the units digit of a?
9
Suppose 0 = -10*q + 7*q + 7*r + 68745, -5*q = 2*r - 114534. What is the units digit of q?
8
Let s be -24*2/4 + -13. Let n(v) = -4*v + 0*v + 51 - 20. What is the tens digit of n(s)?
3
Let h = 172 + -403. Let w = h + 403. Suppose -5*s + w + 23 = 0. What is the tens digit of s?
3
Let k(i) = 3*i**3 + 3*i**2 - 2*i + 1. Suppose f + 2 - 8 = 0. Suppose -f = p - 8. What is the tens digit of k(p)?
3
Let f = -19 + 22. Suppose -448 = -3*r + 4*g, -4*r + 281 = -f*g - 328. Suppose 0 = -0*k + 2*k - r. What is the units digit of k?
8
Suppose -4*a - j + 68 = -5*j, 5*a - j = 81. Let m be 2152/10 + a/20. Let f = m - 112. What is the tens digit of f?
0
Let g(u) = -u**3 - 8*u**2 + 19*u + 1. Let f be g(-10). Let y(d) = 6*d**2 - 45*d - 6. What is the tens digit of y(f)?
2
Let r = 82254 + -57210. What is the ten thousands digit of r?
2
Let t be (7 - 4/(-4)) + 6. Suppose t*f - 1297 - 355 = 0. What is the tens digit of f?
1
What is the hundreds digit of 12/21 + (-130875)/(-105)?
2
Let v(d) = -d**3 - 18*d**2 + 27*d + 24. Let l be v(-21). Let o be ((-36)/15)/(2/l*-3). Suppose 2*w = -0*w + o. What is the units digit of w?
6
Let y be -2 + 8 + (-6)/3. Suppose y*c - c - 648 = 0. What is the tens digit of c?
1
Suppose -2*m + 0*i = -i - 58, 3*i = 0. Let z = 88 - m. Let p = z + -47. What is the units digit of p?
2
Let c(i) = -27*i**2 + 161*i + 7. Let y be c(6). Let x(q) = 246*q - 2. Let t(l) = 123*l - 1. Let z(n) = 9*t(n) - 4*x(n). What is the hundreds digit of z(y)?
1
Let a(y) = -17*y**3 + 19*y**2 + 21*y - 6. What is the tens digit of a(-8)?
4
Suppose -8*a = -15*a + 35. Suppose 2*k + s = 39, -2*s + a*s = 3. Suppose 5*u = 3*c - 343, -4*u + k = 3. What is the units digit of c?
1
Let f be 54/24*(-64)/12. What is the tens digit of (-2478)/(-12) - f/(-8)?
0
What is the tens digit of 3774 + 16 + 150/(-10)?
7
Let b be 3 + -1 + -3 - (-4 + 0). Let f(s) = 29*s - 10. Let l(k) = -29*k + 10. Let a(y) = 3*f(y) + 2*l(y). What is the tens digit of a(b)?
7
Let k(i) = 20*i**2 - 4*i + 1. Let c(h) = -40*h**2 + 7*h - 2. Let l(p) = -3*c(p) - 5*k(p). What is the units digit of l(-1)?
2
Let j = -50 + 39. Let r(u) = 0*u - 14 + 14 + 38 - 3*u. What is the units digit of r(j)?
1
Suppose 3*x + 251 = 98. Let z = 273 + x. What is the tens digit of z?
2
Suppose 21 = -9*q - 15. Let g be -12*((-2)/q)/(9/(-6)). What is the units digit of 433/g - (-3)/(-12)?
8
Let p = -13 + 53. Suppose -5*m = -3*l - 113, -2*l + 4*m + p = 114. What is the units digit of (-2 - l) + -6 + 1?
4
Let b(k) be the first derivative of -2*k**3/3 - k**2/2 + 3*k + 15. Let z be b(2). Let j(y) = -24*y + 8. What is the hundreds digit of j(z)?
1
Suppose -4*o + 216 + 37158 + 17518 = 0. What is the thousands digit of o?
3
Suppose 20 = 2*p - 0*p. Suppose 2*l - 16 = p*l. What is the units digit of (11/(-3))/(75/(-36) - l)?
4
Let x(c) = c**3 - 7*c**2 - 4*c - 6. Let l = 52 + -44. Let h be x(l). Suppose 6*m = 4*m + h. What is the units digit of m?
3
Let u = -856 + 861. Let z(j) = j + 140. Let o be z(0). Suppose p - o = x + x, -3*x = u*p - 687. What is the units digit of p?
8
Let n = 7277 + -4787. What is the hundreds digit of n?
4
Let m = -115 - -168. Let y be 54/144 + (-198)/16. Let u = m - y. What is the tens digit of u?
6
Let a be 4 - (-1500 - (-3)/(-6)*0). Suppose 4*j - a = 4*x, 1508 = j + 3*j - 2*x. What is the units digit of j?
8
Let d(w) = w**3 - 4*w**2 - 11*w - 4. Let a be d(6). Suppose a*h - 48 = h. Let m = h + -20. What is the tens digit of m?
2
Let h = 18029 - 15433. What is the hundreds digit of h?
5
What is the hundreds digit of ((-7)/21*(-30)/(-20))/((-1)/1034)?
5
Let m(i) = 4*i**2 + 25*i - 1408. What is the hundreds digit of m(-48)?
6
Let d(u) be the second derivative of 7*u**4/6 - u**3/3 + 2*u**2 + 137*u. Suppose -g - 2*g - 2*v = -13, 0 = -v + 2. What is the hundreds digit of d(g)?
1
Suppose 39*u - 83619 = -42681 + 37023. What is the hundreds digit of u?
9
Let f = -184 + -168. Let i = -255 - f. What is the tens digit of i?
9
Let w(f) = -57*f + 6. Let h be (10 + -165)*2/(-5). Let z = h - 66. What is the units digit of w(z)?
4
Let s(x) = -x**3 - 19*x**2 - 25*x + 58. Let t be s(-11). Let z = t - -2016. What is the units digit of z?
1
Suppose 4*n = -3*h + 10361, 15*h - 20*h - 3*n + 17261 = 0. Suppose 0 = -5*p + 1779 + h. What is the hundreds digit of p?
0
Let h = 10131 + -7562. What is the hundreds digit of h?
5
Let a be ((-484)/(-24))/11 - 3/(-18). What is the tens digit of (a + (-2)/(-1))/(17/289)?
6
Let h = -24 + 349. Let j = 355 - h. What is the units digit of j?
0
Suppose 103*z - 98*z = 3*b + 9173, z - 1845 = -2*b. What is the units digit of z?
7
Let h be (-79)/(-2)*(33 + 3). Let l be (1/(-3))/((5 + -11)/h). What is the tens digit of 3/(-1 + 4) + l?
8
Suppose 51*a = 43*a + 15768. What is the units digit of a?
1
Let x = 105 - -243. Suppose 3*t + 3*r = x + 1083, 2*r + 2385 = 5*t. What is the tens digit of t?
7
Let l = -19827 - -38369. What is the units digit of l?
2
Suppose -2*b - 117756 - 78174 = -4*g, g = -4*b + 48960. Suppose -g = -39*q + 8*q. What is the hundreds digit of q?
5
Suppose -d + 4*d - 6 = 2*o, 3*d = -3*o + 21. Suppose 0 = -o*y - k + 1797, -3*y + 2995 = 2*y - 3*k. What is the units digit of y?
9
Let u = 1242 - 719. Suppose -3*x = -3*j - 2196, u = x + 2*j - 221. What is the tens digit of x?
3
Let r(q) = -3585*q - 1830. What is the hundreds digit of r(-7)?
2
Let j(y) = -y**2 - 8*y - 11. Let w be j(-5). Suppose -4 + 2 = -w*l + f, 4*f = -3*l - 8. Suppose l = -11*k + 7*k + 296. What is the units digit of k?
4
Suppose 0 = 4*l + 1785 - 5381. Suppose l + 11 = -5*v. Let u = -79 - v. What is the units digit of u?
3
Let s(k) = 1587*k - 87. Let f be s(-4). What is the tens digit of 7/(-5) + f/(-25)?
5
What is the thousands digit of -6 + 304893/(-5 + 14)?
3
Let l(v) = 41*v**2 - 3*v - 6. Let h be (-1 - -2)/((-1)/3). Let w be l(h). Suppose 0 = 4*q - q - w. What is the tens digit of q?
2
Let n(f) be the second derivative of -f**4/6 - 23*f**3/6 + 5*f**2 - 27*f. Let l be n(-17). What is the hundreds digit of 4/2*3/(-2) - l?
1
Let w = -3255 + 13095. What is the tens digit of w/32*(-4)/(-3)?
1
Let u be (276/24)/(3/6). Suppose 4*q - 501 = -h, u*q - 24*q + 5*h + 99 = 0. What is the tens digit of q?
2
Suppose 29*d - 6*d = 32154. What is the thousands digit of d?
1
What is the hundreds digit of (414/1035)/((-2)/(-20255))?
0
Suppose 3*v + 2780*b - 48196 = 2779*b, 0 = -4*b + 16. What is the tens digit of v?
6
Let c be (33/(-154)*7)/((-2)/12). What is the units digit of -173*(4*(-30)/(-24) - c)?
2
Let t = 15061 - 10212. What is the hundreds digit of (-5)/(-10) + t/26?
1
Suppose 0 = 4*k + 5*w - 5, -4*k + 7 = -2*k + w. Suppose -2*o + 5*u = 9*u - 750, -o + 363 = k*u. What is the units digit of o?
3
Suppose 7*j = 9*j - 294. Let l = j + -54. Let q = l - 62. What is the tens digit of q?
3
Let u be -22 + -380 + -1 + -1. Let j = 820 + u. What is the hundreds digit of j?
4
Suppose z - 2*o = -10 - 335, -699 = 2*z - o. Let k = z + 1179. What is the tens digit of k?
2
Suppose -3*g + 7*o + 6*o = 10*o - 21738, -3*o = 0. What is the units digit of g?
6
Let p(s) = 20*s**3 + 2*s**2 - 2*s. Let v be p(1). Let r = v - 18. Suppose r*d + 2*c = 6, -d - c + 11 = d. What is the units digit of d?
8
Suppose 3*y + 13834 = 2*p - y, 4*p = -y + 27722. What is the tens digit of p?
2
Let u(c) = c**3 + c**2 - c + 1. Let g(y) = -2*y**3 + 9*y**2 + 27*y + 21. Let o(t) = -g(t) - 6*u(t). What is the hundreds digit of o(-7)?
7
Suppose -6*j + 322220 = -8*j + 22*j. What is the hundreds digit of j?
1
Let m(z) be the second derivative of z**4/2 + 5*z**3/6 - 5*z**2 + 18*z. Let k be m(-5). Suppose -281 = -2*u + k. What is the tens digit of u?
9
Suppose 4*c + 5*o = -28, -c - 2*o - 12 = c. Let l(w) = -2*w**3 - 4*w + 4. Let m(x) = -x + 1. Let k(g) = l(g) - 3*m(g). What is the units digit of k(c)?
9
Let h = -142 - -281. Let p = -29 + h. What is the hundreds digit of p?
1
Let f(c) be the first derivative of 25*c**2/2 - 5*c - 27. Let y be f(3). Let z = y - 61. What is the units digit of z?
9
Let j = -1166 - -1760. Suppose 0 = b + 2, 0*z + 4*z - j = -b. What is the units digit of z?
9
Let g(d) = d**2 + d + 12. Let w = -289 + 278. What is the units digit of g(w)?
2
Suppose 14 = 5*m + 39. Suppose -1 - 2 = -a. What is the tens d